{"id":16,"date":"2017-10-08T19:51:03","date_gmt":"2017-10-08T18:51:03","guid":{"rendered":"http:\/\/stenovice.knihovna.info\/?page_id=16"},"modified":"2017-10-08T18:58:15","modified_gmt":"2017-10-08T17:58:15","slug":"knihovni-rad","status":"publish","type":"page","link":"https:\/\/stenovice.knihovna.info\/?page_id=16","title":{"rendered":"Knihovn\u00ed \u0159\u00e1d"},"content":{"rendered":"<ol>\n<li>Knihy se p\u016fj\u010duj\u00ed na dobu 1 m\u011bs\u00edce a \u010dasopisy na 14 dn\u00ed. Na \u017e\u00e1dost \u010dten\u00e1\u0159e lze v\u00fdp\u016fj\u010dn\u00ed dobu prodlou\u017eit.<\/li>\n<li>Knihu, kter\u00e1 je pr\u00e1v\u011b p\u016fj\u010dena, si m\u016f\u017ee \u010dten\u00e1\u0159 zamluvit.<\/li>\n<li>Registra\u010dn\u00ed poplatek \u010din\u00ed 50 K\u010d za rok.<\/li>\n<li>P\u0159i nedodr\u017een\u00ed v\u00fdp\u016fj\u010dn\u00ed lh\u016fty bude \u010dten\u00e1\u0159 vyzv\u00e1n upom\u00ednkou k vr\u00e1cen\u00ed p\u016fj\u010den\u00fdch knih.<\/li>\n<li>Po\u0161kozen\u00ed nebo ztr\u00e1tu knihy je \u010dten\u00e1\u0159 povinen nahradit.<\/li>\n<li>\u010cten\u00e1\u0159i jsou povinni zachov\u00e1vat klid a po\u0159\u00e1dek ve v\u0161ech prostor\u00e1ch knihovny.<\/li>\n<\/ol>\n<p>&nbsp;<\/p>\n","protected":false},"excerpt":{"rendered":"<p>Knihy se p\u016fj\u010duj\u00ed na dobu 1 m\u011bs\u00edce a \u010dasopisy na 14 dn\u00ed. Na \u017e\u00e1dost \u010dten\u00e1\u0159e lze v\u00fdp\u016fj\u010dn\u00ed dobu prodlou\u017eit. Knihu, kter\u00e1 je pr\u00e1v\u011b p\u016fj\u010dena, si m\u016f\u017ee \u010dten\u00e1\u0159 zamluvit. Registra\u010dn\u00ed poplatek \u010din\u00ed 50 K\u010d za rok. P\u0159i nedodr\u017een\u00ed v\u00fdp\u016fj\u010dn\u00ed lh\u016fty bude &hellip; <a href=\"https:\/\/stenovice.knihovna.info\/?page_id=16\">Cel\u00fd p\u0159\u00edsp\u011bvek <span class=\"meta-nav\">&rarr;<\/span><\/a><\/p>\n","protected":false},"author":1,"featured_media":0,"parent":0,"menu_order":0,"comment_status":"closed","ping_status":"closed","template":"","meta":{"footnotes":""},"class_list":["post-16","page","type-page","status-publish","hentry"],"_links":{"self":[{"href":"https:\/\/stenovice.knihovna.info\/index.php?rest_route=\/wp\/v2\/pages\/16","targetHints":{"allow":["GET"]}}],"collection":[{"href":"https:\/\/stenovice.knihovna.info\/index.php?rest_route=\/wp\/v2\/pages"}],"about":[{"href":"https:\/\/stenovice.knihovna.info\/index.php?rest_route=\/wp\/v2\/types\/page"}],"author":[{"embeddable":true,"href":"https:\/\/stenovice.knihovna.info\/index.php?rest_route=\/wp\/v2\/users\/1"}],"replies":[{"embeddable":true,"href":"https:\/\/stenovice.knihovna.info\/index.php?rest_route=%2Fwp%2Fv2%2Fcomments&post=16"}],"version-history":[{"count":7,"href":"https:\/\/stenovice.knihovna.info\/index.php?rest_route=\/wp\/v2\/pages\/16\/revisions"}],"predecessor-version":[{"id":277,"href":"https:\/\/stenovice.knihovna.info\/index.php?rest_route=\/wp\/v2\/pages\/16\/revisions\/277"}],"wp:attachment":[{"href":"https:\/\/stenovice.knihovna.info\/index.php?rest_route=%2Fwp%2Fv2%2Fmedia&parent=16"}],"curies":[{"name":"wp","href":"https:\/\/api.w.org\/{rel}","templated":true}]}}